40/6*18/12. Suppose -5*z + j = -60. List the prime factors of z.
19
Let r = 6 + 1. Let s(p) = -p**2 + 6*p - 1. Let g be s(r). What are the prime factors of 2/g - (-33)/4?
2
Suppose 0 = -3*i + 2*j - 3, -4*j + 3*j + 6 = 3*i. Let l = 0 - i. What are the prime factors of ((-1)/(-1))/(l/(-7))?
7
Let l be (-1)/(30/(-29) - -1). Suppose g - l = -2*z, 2*z + 6 = 2*g - 40. List the prime factors of g.
5
Let c = 36 - 23. Suppose -5*o + 5 = -5*v, 5*o - 4 - c = -v. Suppose -60 = -o*b - b. List the prime factors of b.
3, 5
Suppose -3*g - 85 + 217 = 0. List the prime factors of g.
2, 11
Suppose 0 = -p + 2*g + 210, g - 5 = -4*g. List the prime factors of p.
2, 53
Suppose -2*x = 2*y - 70, -y = 5*x - 10*x + 145. Suppose -x = -i - i. List the prime factors of i.
3, 5
Let j be 2/4 + 9/2. Let c = 5 - j. Suppose c*g = -3*g + 18. List the prime factors of g.
2, 3
Suppose -5*f - 44 - 18 = -3*t, 86 = 5*t - 4*f. What are the prime factors of (-8)/t*(-7)/2?
2
Let o(n) be the third derivative of n**6/360 - n**5/24 + n**4/8 + n**3/6 + 2*n**2. Let c(g) be the first derivative of o(g). What are the prime factors of c(6)?
3
Let t(y) = 2*y**2 - 6*y - 3. Let h be t(6). Let q = h - -21. What are the prime factors of q?
2, 3
Let g be 18/(-6)*5/(-1). Suppose g - 5 = z. List the prime factors of z.
2, 5
Suppose -31 - 9 = -f. What are the prime factors of f?
2, 5
Let v be 0/2*3/3. Let f(k) = k**2 - k + 20. What are the prime factors of f(v)?
2, 5
Suppose 0 = -4*z + 3*k - 33, -3*k - 2*k + 15 = 0. Let q(b) = b**3 + 7*b**2 + 2*b + 1. List the prime factors of q(z).
5
Let v be 2 + (20 - -2) + -1. Let u = -11 + v. What are the prime factors of u?
2, 3
Suppose 0*u - 13 = -u. Let q = -7 + u. List the prime factors of q.
2, 3
Let o be 250 + -8 + 1 + -4. Suppose -2*p = 5*z - 127, 4*p - o = -0*p + 5*z. List the prime factors of p.
61
Let p = -9 + 7. Let t = 13 + -4. Let l = t + p. List the prime factors of l.
7
Let g(s) = -2*s**2 - 6*s + 4. Let r be g(-6). List the prime factors of 6*(-7)/(28/r).
2, 3
Let c(w) = -w**3 + 5*w**2 - w + 2. Let h be c(4). Suppose -11 = -5*s + h. Let i = 11 - s. What are the prime factors of i?
2, 3
Suppose -4*h = -10 - 142. Let k = h + -62. What are the prime factors of (k/28)/((-2)/14)?
2, 3
Suppose -4*s + 2*i + 182 = 0, 5*s - 5*i - 125 = 115. Let x = s - 21. What are the prime factors of x?
2, 11
Let o be (15/(-9))/(2/(-6)). Suppose 4*a - a = -4*f + 172, o*f = -a + 204. Suppose -2*s - 10 = -f. List the prime factors of s.
3, 5
Let m = 1 + 1. Suppose m*g = -0*g. Suppose g = 4*f - 10 - 6. What are the prime factors of f?
2
Let v(j) = -j**3 + 9*j**2 + 11*j - 8. Let c be v(10). Suppose c*m - 48 - 22 = 0. List the prime factors of m.
5, 7
Let p = -16 + 11. Let i = 21 + p. List the prime factors of i.
2
Suppose 2*m - 7 = r + 2, 3*r + 3*m = -54. What are the prime factors of (-4 - 1)*12/r?
2
Let o(t) be the second derivative of -t**3/6 + 4*t**2 - 2*t. What are the prime factors of o(6)?
2
Let m = -2 + 0. What are the prime factors of ((-3)/6)/(m/52)?
13
Let q(a) = a**2 + 5*a - 1. Let z be q(-5). List the prime factors of (-1 - 1)*z*12.
2, 3
Suppose -5*m - 5*c = -30, m + 3*m - 25 = -5*c. List the prime factors of m.
5
List the prime factors of (33/4)/((-12)/(-32)).
2, 11
Let x be 10/25 - 2/5. Suppose -4*l - 3*m = -121, x = 4*m - 5*m - 1. List the prime factors of l.
31
Suppose 23*a = 25*a - 38. What are the prime factors of a?
19
Suppose -30 = -5*u - 5*w, 2*u + 4 = u + 4*w. Let d be (7/(-2))/(-7)*4. Let l = u - d. List the prime factors of l.
2
Let q(y) = -y + 3. Let l be q(-7). Suppose 4 = 2*n - 3*d - 17, 0 = -n + 2*d + l. List the prime factors of n.
2, 3
Let k = 1 - -4. Let j be 3 + -14 + -2 + k. Let y(q) = -q**2 - 9*q - 6. What are the prime factors of y(j)?
2
Let a(j) = -3*j + 3. List the prime factors of a(-5).
2, 3
Let v(s) be the first derivative of s**7/280 - s**6/120 + s**5/120 + 2*s**3/3 - 3. Let a(m) be the third derivative of v(m). What are the prime factors of a(2)?
2, 7
Suppose n + 0*z = -4*z + 12, z - 3 = 3*n. Suppose 10 + 15 = q + 5*y, n = 3*q - 4*y + 1. Suppose -8 = -r - 3*b, -3*r + 4*b - q = -3. List the prime factors of r.
2
Let y = 11 - 6. Suppose -y*r = -0*r - 45. What are the prime factors of r?
3
Let v = 6 - 2. Let h be (1 + -4)/((-4)/8). Suppose -v*p = h - 26. List the prime factors of p.
5
Let u(f) = 2*f + 4. Suppose 3*q + 5*d = 10, q - 8 = 4*d - d. What are the prime factors of u(q)?
2, 7
Let w(v) = 7*v + 52. Let l(c) = -3*c - 26. Let h(m) = 5*l(m) + 2*w(m). Let p be h(0). Let i = -15 - p. What are the prime factors of i?
11
Let q(d) be the first derivative of -d**4/4 + d**3 + d**2/2 + 3*d - 1. Let x be 2/((-6)/(-9) - 0). List the prime factors of q(x).
2, 3
Let j(k) = k + 5. Let y be j(0). Suppose 15 = 2*b - 5*m, -y*m + 2*m - 28 = -5*b. List the prime factors of (6/b)/(9/120).
2
Let z(d) = -d - 11. Let w be z(-9). List the prime factors of -15*(w - (-2)/10).
3
Suppose -3*d = 6*d - 1764. What are the prime factors of d?
2, 7
Let d = 7 - -14. Let o be ((-6)/2)/(d/(-56)). Suppose -s + o = -6. What are the prime factors of s?
2, 7
Suppose -27 = -4*g - d, -2*g + 3*d + 27 = -4. Let t = 11 - g. Suppose -37 - t = -5*x. List the prime factors of x.
2
Suppose 0 = 2*r - 12 + 2. Suppose r*t + 4*z = -77, 5*t - z + 3*z = -71. Let c = -5 - t. List the prime factors of c.
2
Suppose 4*d + d - 135 = 0. What are the prime factors of d?
3
Let w(x) = -5*x**2 - 4*x - 2. Let y(i) = 14*i**2 + 11*i + 6. Let c(m) = 11*w(m) + 4*y(m). Let t be c(0). Suppose -p = t*p - 33. List the prime factors of p.
11
Let y = 1 - -1. Suppose -5*q - 3 = 3*t - y*q, -4*t + 5*q = 49. What are the prime factors of (3 - 2)/((-1)/t)?
2, 3
List the prime factors of 1*7/((-7)/(-33)).
3, 11
Let v(l) = -l**3 + 6*l**2 + l - 6. List the prime factors of v(3).
2, 3
Suppose -4*g + 2*g + 10 = -5*x, 5 = g - 3*x. Suppose q - 2*q = -g. What are the prime factors of q?
5
Suppose 25 = 2*m + 3*m. Suppose -5*i - 28 = -m*b - i, 3*b - 2*i - 16 = 0. Suppose y - b*y = -36. What are the prime factors of y?
2, 3
Let r(x) = x - 1. Let d(p) = -4*p + 3. Let j(s) = -d(s) - 6*r(s). List the prime factors of j(-7).
17
What are the prime factors of -31*(0 - (-2 + 5))?
3, 31
Let j(v) be the third derivative of v**6/180 - v**5/40 + v**4/12 + v**2. Let s(a) be the second derivative of j(a). What are the prime factors of s(2)?
5
Suppose -g - c + 3 = 0, 5*g - 3 = 4*g - 3*c. Suppose -g*k + 6 = -9. Suppose k*m - 18 = 7. What are the prime factors of m?
5
Suppose -106 + 861 = 5*d. What are the prime factors of d?
151
List the prime factors of (11 - 1)*(-6)/(-10).
2, 3
Suppose 2*i = -2*x + 230, 4*i - 8*x = -4*x + 420. List the prime factors of i.
2, 5, 11
Suppose 0*t + 4*p = t - 43, t - 45 = 3*p. List the prime factors of t.
3, 17
Let v(s) = s**3 - 4*s**2 - s - 5. Let p be v(5). Suppose 3*m - p - 107 = -5*q, 5*q - 130 = 5*m. What are the prime factors of q?
5
Let k = 17 - 11. Let h(u) = 2*u - 7. Let w be h(k). Suppose 2*c = 8, 8*f - 5*f - w*c - 13 = 0. What are the prime factors of f?
11
Let i = 38 - 1. List the prime factors of i.
37
Suppose 2*i + 913 = 5*g - 147, 3*g = i + 635. List the prime factors of g.
2, 3, 5, 7
Let c = -10 + 39. List the prime factors of c.
29
Suppose 4*q + 8 = -0*q. Let p be (q - (-6)/3) + 1. Let d(z) = 13*z**2 + 1. List the prime factors of d(p).
2, 7
Suppose 5*t + 5*i + 20 = 0, -5*i - 29 = -4*t - 0*i. List the prime factors of (6 + -5)*(12 - t).
11
Suppose -2*n - 2*n + 8 = 0. Let k(s) = 1 + 2*s**n + s + 4*s + 1 - 7. What are the prime factors of k(-5)?
2, 5
Suppose 3*w = -w. Suppose -2*b - 3 + 11 = w. List the prime factors of 4/(-16) - (-13)/b.
3
List the prime factors of (-4)/(-22) + 1162/22.
53
Let j(z) be the first derivative of z**3/3 - 5*z**2/2 - 4*z + 1. Let b be j(6). Let l = b - -2. List the prime factors of l.
2
Let c(k) = k**3 + 25. Let l be c(0). Suppose -5*z = -35 - l. Let p = z - 7. What are the prime factors of p?
5
Let m(d) = d - 7. Let i be m(0). Let a(k) be the second derivative of -k**5/20 - k**4/2 + 5*k**3/6 - 7*k**2/2 - 2*k. List the prime factors of a(i).
7
Suppose 7*k - 4*k - 207 = 0. What are the prime factors of k?
3, 23
Let l(a) = -a**3 + a**2 - 3*a + 2. Let b be l(2). Let d be 3/(12/7)*-8. Let x = b - d. List the prime factors of x.
2, 3
Let j = 6 + -3. Suppose j*d - 2 